 11, 103, 438701
What are the prime factors of 687864157?
53, 139, 93371
What are the prime factors of 5969796432?
2, 3, 17, 1549, 4723
What are the prime factors of 170377759?
103, 1654153
List the prime factors of 115297803.
3, 4270289
What are the prime factors of 181836272?
2, 317, 35851
What are the prime factors of 918031639?
7, 43, 61, 49999
List the prime factors of 423715614.
2, 3, 7, 23, 433, 1013
List the prime factors of 242205291.
3, 26911699
List the prime factors of 2742920685.
3, 5, 79, 257189
What are the prime factors of 516182405?
5, 19, 67, 81097
What are the prime factors of 4654239591?
3, 31, 50045587
List the prime factors of 3897250951.
11, 47, 7538203
List the prime factors of 227722865.
5, 45544573
List the prime factors of 60496715.
5, 1429, 8467
List the prime factors of 1865138995.
5, 41, 1831, 4969
List the prime factors of 527800453.
527800453
What are the prime factors of 42715790?
2, 5, 13, 457, 719
What are the prime factors of 234307840?
2, 5, 13, 14081
What are the prime factors of 846584797?
31, 109, 250543
List the prime factors of 421423308.
2, 3, 101, 115903
List the prime factors of 63994117.
11, 528877
What are the prime factors of 190455936?
2, 3, 11, 4099
List the prime factors of 1394564251.
4733, 294647
List the prime factors of 441511.
7, 63073
What are the prime factors of 3898851456?
2, 3, 853, 11903
List the prime factors of 18860505.
3, 5, 83, 15149
List the prime factors of 5041600753.
7, 720228679
What are the prime factors of 1297280081?
17, 19, 4016347
List the prime factors of 45575117.
7, 6510731
List the prime factors of 68686366.
2, 7, 61, 80429
List the prime factors of 61138206.
2, 3, 29, 39041
What are the prime factors of 232378630?
2, 5, 11, 2112533
What are the prime factors of 2198021845?
5, 61, 7206629
List the prime factors of 6130804982.
2, 883, 3471577
List the prime factors of 13959727.
947, 14741
List the prime factors of 5496902141.
19, 289310639
List the prime factors of 57250079.
97, 590207
List the prime factors of 13574153.
37, 366869
What are the prime factors of 323407906?
2, 161703953
What are the prime factors of 32345761?
7, 41, 43, 2621
List the prime factors of 379468447.
83, 1543, 2963
List the prime factors of 2787462171.
3, 13, 17, 67, 1609
List the prime factors of 1773201897.
3, 29, 6793877
List the prime factors of 107415089.
107415089
What are the prime factors of 154687775?
5, 11, 562501
List the prime factors of 72072121.
11, 6552011
List the prime factors of 220405887.
3, 13, 29, 59, 367
List the prime factors of 3128350.
2, 5, 19, 37, 89
What are the prime factors of 100754820?
2, 3, 5, 186583
List the prime factors of 66109729.
7, 9444247
What are the prime factors of 396753041?
19, 71, 491, 599
What are the prime factors of 3125738260?
2, 5, 19, 1901, 4327
What are the prime factors of 2109579862?
2, 13, 97, 836471
List the prime factors of 107010129.
3, 59, 89, 6793
What are the prime factors of 127724464?
2, 7, 31, 36787
List the prime factors of 200579382.
2, 3, 3714433
What are the prime factors of 763086834?
2, 3, 41, 883, 1171
List the prime factors of 451107023.
43, 10490861
What are the prime factors of 226295510?
2, 5, 7, 19, 229, 743
What are the prime factors of 47579898?
2, 3, 7929983
What are the prime factors of 57413969?
2591, 22159
What are the prime factors of 241522730?
2, 5, 29, 832837
List the prime factors of 27245020.
2, 5, 11, 59, 2099
What are the prime factors of 935985876?
2, 3, 7, 2003, 5563
List the prime factors of 7523863380.
2, 3, 5, 11, 3799931
List the prime factors of 3483573786.
2, 3, 7, 11, 29, 7879
What are the prime factors of 4886108309?
4886108309
What are the prime factors of 101633202?
2, 3, 11, 233, 2203
What are the prime factors of 577057300?
2, 5, 5770573
List the prime factors of 2045789096.
2, 13, 23, 607, 1409
What are the prime factors of 2614723648?
2, 40855057
List the prime factors of 65201570.
2, 5, 7, 29, 32119
List the prime factors of 1422675599.
13463, 105673
What are the prime factors of 43833317?
11, 239, 16673
What are the prime factors of 698305248?
2, 3, 757, 3203
List the prime factors of 75911917.
75911917
What are the prime factors of 2647614?
2, 3, 17, 101, 257
List the prime factors of 846207175.
5, 11, 1367, 2251
What are the prime factors of 3266061591?
3, 13, 3449, 24281
List the prime factors of 10524152.
2, 1315519
What are the prime factors of 146486962?
2, 967, 75743
List the prime factors of 1304070218.
2, 11, 59275919
What are the prime factors of 4122118483?
7, 487, 172741
List the prime factors of 42789511.
1171, 36541
What are the prime factors of 23550908?
2, 337, 17471
What are the prime factors of 2915368096?
2, 2713, 33581
What are the prime factors of 12105934?
2, 29, 31, 6733
List the prime factors of 492644625.
3, 5, 11, 119429
List the prime factors of 22844456.
2, 2855557
What are the prime factors of 76193763?
3, 25397921
List the prime factors of 19454721.
3, 11, 13, 101, 449
What are the prime factors of 248823583?
241, 1032463
What are the prime factors of 84014118?
2, 3, 1555817
What are the prime factors of 82849800?
2, 3, 5, 11, 12553
What are the prime factors of 1905797340?
2, 3, 5, 10587763
List the prime factors of 22200763.
13, 163, 10477
What are the prime factors of 7476752849?
3347, 2233867
List the prime factors of 1934975084.
2, 7, 73, 946661
What are the prime factors of 31962326?
2, 11, 1452833
List the prime factors of 39676330.
2, 5, 53, 74861
What are the prime factors of 16227327?
3, 29, 383, 487
List the prime factors of 136531942.
2, 29, 233, 10103
List the prime factors of 278120897.
37, 7516781
What are the prime factors of 379994765?
5, 41, 47, 39439
What are the prime factors of 5949301236?
2, 3, 495775103
List the prime factors of 106235771.
17, 1087, 5749
List the prime factors of 8491151.
8491151
List the prime factors of 2990995680.
2, 3, 5, 6231241
List the prime factors of 4984755957.
3, 617, 33247
What are the prime factors of 122240079?
3, 13, 97, 10771
List the prime factors of 739266161.
23, 1619, 19853
List the prime factors of 268985860.
2, 5, 11, 13, 163, 577
List the prime factors of 416383295.
5, 17, 4898627
What are the prime factors of 137869929?
3, 103, 148727
List the prime factors of 271571529.
3, 163, 555361
What are the prime factors of 265982693?
29, 1303, 7039
List the prime factors of 329995973.
23, 14347651
List the prime factors of 210795419.
1619, 130201
What are the prime factors of 1490385685?
5, 2903, 102679
What are the prime factors of 14987233?
14987233
What are the prime factors of 38355560?
2, 5, 359, 2671
List the prime factors of 112150007.
112150007
What are the prime factors of 658258337?
11, 4969, 12043
What are the prime factors of 2736432448?
2, 73, 89, 6581
What are the prime factors of 187182381?
3, 709, 88003
List the prime factors of 962181254.
2, 481090627
What are the prime factors of 1275396975?
3, 5, 1889477
List the prime factors of 156199941.
3, 47, 83, 1483
What are the prime factors of 120872904?
2, 3, 5036371
List the prime factors of 13993159.
17, 823127
List the prime factors of 98911390.
2, 5, 31, 319069
What are the prime factors of 2206485658?
2, 13, 17, 59, 211, 401
List the prime factors of 18742103.
809, 23167
What are the prime factors of 412298146?
2, 13, 61, 19997
List the prime factors of 41270756.
2, 107, 211, 457
List the prime factors of 70688767.
70688767
List the prime factors of 516895744.
2, 17, 23, 1291
What are the prime factors of 116679409?
7, 11, 1515317
What are the prime factors of 387092241?
3, 43010249
What are the prime factors of 19367410?
2, 5, 1936741
List the prime factors of 8878592.
2, 17341
What are the prime factors of 5058890617?
11, 17, 43, 629137
List the prime factors of 365107662.
2, 3, 751, 3001
What are the prime factors of 274791598?
2, 1289, 106591
What are the prime factors of 1088205118?
2, 7, 11, 13, 23, 23633
What are the prime factors of 116916801?
3, 157, 248231
List the prime factors of 372081860.
2, 5, 18604093
What are the prime factors of 17726961?
3, 7, 844141
What are the prime factors of 111346687?
111346687
List the prime factors of 1390135594.
2, 17, 23, 199, 8933
List the prime factors of 258856391.
2837, 91243
